{"id":1635,"date":"2024-09-30T16:36:05","date_gmt":"2024-09-30T19:36:05","guid":{"rendered":"https:\/\/jornalnovaepoca.com.br\/especiais\/?page_id=1635"},"modified":"2024-09-30T16:50:09","modified_gmt":"2024-09-30T19:50:09","slug":"hospital-veterinario-alvaro-abreu","status":"publish","type":"page","link":"https:\/\/jornalnovaepoca.com.br\/especiais\/hospital-veterinario-alvaro-abreu\/","title":{"rendered":"Hospital Veterin\u00e1rio \u00c1lvaro Abreu"},"content":{"rendered":"\n<figure class=\"wp-block-image size-full\"><img loading=\"lazy\" decoding=\"async\" width=\"1004\" height=\"662\" src=\"https:\/\/jornalnovaepoca.com.br\/especiais\/wp-content\/uploads\/2024\/09\/Selo-10-anos-Hospital-Alvaro-Abreu.webp\" alt=\"\" class=\"wp-image-1646\" srcset=\"https:\/\/jornalnovaepoca.com.br\/especiais\/wp-content\/uploads\/2024\/09\/Selo-10-anos-Hospital-Alvaro-Abreu.webp 1004w, https:\/\/jornalnovaepoca.com.br\/especiais\/wp-content\/uploads\/2024\/09\/Selo-10-anos-Hospital-Alvaro-Abreu-300x198.webp 300w, https:\/\/jornalnovaepoca.com.br\/especiais\/wp-content\/uploads\/2024\/09\/Selo-10-anos-Hospital-Alvaro-Abreu-768x506.webp 768w\" sizes=\"auto, (max-width: 1004px) 100vw, 1004px\" \/><\/figure>\n\n\n\n<p class=\"\"><strong>H\u00e1 10 anos, o Hospital Veterin\u00e1rio \u00c1lvaro Abreu se destaca como um modelo em sa\u00fade animal. Com um complexo que integra hospital, centro de terapia e reabilita\u00e7\u00e3o, farm\u00e1cia, loja e centro est\u00e9tico, a institui\u00e7\u00e3o se dedica ao bem-estar dos animais em todas as situa\u00e7\u00f5es, desde interna\u00e7\u00f5es at\u00e9 o dia do banho e tosa.<\/strong><\/p>\n\n\n\n<p class=\"\"><br><strong>Para celebrar essa trajet\u00f3ria, lan\u00e7aremos um caderno especial que resulta da parceria entre o Hospital Veterin\u00e1rio \u00c1lvaro Abreu e o Jornal Nova \u00c9poca.<\/strong><br><\/p>\n\n\n\n<p class=\"\"><strong>Esta edi\u00e7\u00e3o destacar\u00e1 os momentos marcantes e as inova\u00e7\u00f5es que tornaram o hospital uma refer\u00eancia no setor, revisitando conquistas e compartilhando hist\u00f3rias inspiradoras.<\/strong><\/p>\n\n\n\n<p class=\"\"><br><strong>Convidamos voc\u00ea, parceiro, a participar deste projeto especial, deixando sua marca e homenagem. Sua contribui\u00e7\u00e3o solidificar\u00e1 ainda mais a parceria, celebrando juntos esta jornada de sucesso no cuidado animal. Participe e fa\u00e7a parte desta celebra\u00e7\u00e3o!<\/strong><\/p>\n\n\n\n<hr class=\"wp-block-separator has-alpha-channel-opacity\"\/>\n\n\n<div class=\"wp-block-image\">\n<figure class=\"aligncenter size-large\"><img loading=\"lazy\" decoding=\"async\" width=\"319\" height=\"497\" src=\"https:\/\/jornalnovaepoca.com.br\/especiais\/wp-content\/uploads\/2024\/09\/01-ouro-copiar-1.webp\" alt=\"\" class=\"wp-image-1643\" srcset=\"https:\/\/jornalnovaepoca.com.br\/especiais\/wp-content\/uploads\/2024\/09\/01-ouro-copiar-1.webp 319w, https:\/\/jornalnovaepoca.com.br\/especiais\/wp-content\/uploads\/2024\/09\/01-ouro-copiar-1-193x300.webp 193w\" sizes=\"auto, (max-width: 319px) 100vw, 319px\" \/><\/figure>\n<\/div>\n\n\n<hr class=\"wp-block-separator has-alpha-channel-opacity\"\/>\n\n\n<div class=\"wp-block-image\">\n<figure class=\"aligncenter size-large\"><img loading=\"lazy\" decoding=\"async\" width=\"319\" height=\"497\" src=\"https:\/\/jornalnovaepoca.com.br\/especiais\/wp-content\/uploads\/2024\/09\/02-prata-copiar-1.webp\" alt=\"\" class=\"wp-image-1642\" srcset=\"https:\/\/jornalnovaepoca.com.br\/especiais\/wp-content\/uploads\/2024\/09\/02-prata-copiar-1.webp 319w, https:\/\/jornalnovaepoca.com.br\/especiais\/wp-content\/uploads\/2024\/09\/02-prata-copiar-1-193x300.webp 193w\" sizes=\"auto, (max-width: 319px) 100vw, 319px\" \/><\/figure>\n<\/div>\n\n\n<hr class=\"wp-block-separator has-alpha-channel-opacity\"\/>\n\n\n<div class=\"wp-block-image\">\n<figure class=\"aligncenter size-large\"><img loading=\"lazy\" decoding=\"async\" width=\"319\" height=\"497\" src=\"https:\/\/jornalnovaepoca.com.br\/especiais\/wp-content\/uploads\/2024\/09\/03-bronze-copiar-1.webp\" alt=\"\" class=\"wp-image-1644\" srcset=\"https:\/\/jornalnovaepoca.com.br\/especiais\/wp-content\/uploads\/2024\/09\/03-bronze-copiar-1.webp 319w, https:\/\/jornalnovaepoca.com.br\/especiais\/wp-content\/uploads\/2024\/09\/03-bronze-copiar-1-193x300.webp 193w\" sizes=\"auto, (max-width: 319px) 100vw, 319px\" \/><\/figure>\n<\/div>\n\n\n<p class=\"\"><\/p>\n\n\n\n<hr class=\"wp-block-separator has-alpha-channel-opacity\"\/>\n\n\n\n<h1 class=\"wp-block-heading has-text-align-center\">P\u00e1ginas especiais<br>Contracapa e P\u00e1gina 2: R$ 2.200 em at\u00e9 4x<\/h1>\n\n\n\n<hr class=\"wp-block-separator has-alpha-channel-opacity\"\/>\n\n\n\n<p class=\"\"><strong>Obs:<br>\u2022 Caso voc\u00ea necessite, n\u00f3s criamos seu an\u00fancio sem custo adicional.<br>\u2022 Para pagamento a vista, 5% de desconto.<\/strong><br><strong>Aguardamo sua confirma\u00e7\u00e3o pelo Fone\/WhatsApp: (54) 99186 0073<\/strong><\/p>\n\n\n\n<p class=\"\"><strong>Marina Gil<\/strong><br>Diretora do Jornal Nova \u00c9poca<\/p>\n\n\n\n<hr class=\"wp-block-separator has-alpha-channel-opacity\"\/>\n","protected":false},"excerpt":{"rendered":"<p>H\u00e1 10 anos, o Hospital Veterin\u00e1rio \u00c1lvaro Abreu se destaca como um modelo em sa\u00fade animal. Com um complexo que integra hospital, centro de terapia e reabilita\u00e7\u00e3o, farm\u00e1cia, loja e &#8230;<\/p>\n","protected":false},"author":1,"featured_media":1647,"parent":0,"menu_order":0,"comment_status":"closed","ping_status":"closed","template":"template-fullwidth.php","meta":{"nf_dc_page":"","footnotes":""},"class_list":["post-1635","page","type-page","status-publish","has-post-thumbnail","hentry"],"_links":{"self":[{"href":"https:\/\/jornalnovaepoca.com.br\/especiais\/wp-json\/wp\/v2\/pages\/1635","targetHints":{"allow":["GET"]}}],"collection":[{"href":"https:\/\/jornalnovaepoca.com.br\/especiais\/wp-json\/wp\/v2\/pages"}],"about":[{"href":"https:\/\/jornalnovaepoca.com.br\/especiais\/wp-json\/wp\/v2\/types\/page"}],"author":[{"embeddable":true,"href":"https:\/\/jornalnovaepoca.com.br\/especiais\/wp-json\/wp\/v2\/users\/1"}],"replies":[{"embeddable":true,"href":"https:\/\/jornalnovaepoca.com.br\/especiais\/wp-json\/wp\/v2\/comments?post=1635"}],"version-history":[{"count":5,"href":"https:\/\/jornalnovaepoca.com.br\/especiais\/wp-json\/wp\/v2\/pages\/1635\/revisions"}],"predecessor-version":[{"id":1662,"href":"https:\/\/jornalnovaepoca.com.br\/especiais\/wp-json\/wp\/v2\/pages\/1635\/revisions\/1662"}],"wp:featuredmedia":[{"embeddable":true,"href":"https:\/\/jornalnovaepoca.com.br\/especiais\/wp-json\/wp\/v2\/media\/1647"}],"wp:attachment":[{"href":"https:\/\/jornalnovaepoca.com.br\/especiais\/wp-json\/wp\/v2\/media?parent=1635"}],"curies":[{"name":"wp","href":"https:\/\/api.w.org\/{rel}","templated":true}]}}